. Let l(a) = s(a) - 3*x(a). List the prime factors of l(f).
23
Suppose -450 = -30*i + 25*i - 2*t, 15 = 3*t. List the prime factors of i.
2, 11
Suppose -4*v + v = -4*d + 121, 2*v + 2*d = -90. Suppose 0 = 3*i + 2*i + 35. List the prime factors of v/i + (-10)/70.
2, 3
Suppose -4*b - 6 = 2*f - 0, b = -5*f + 12. Suppose f*s - 5*m - 381 = 0, 508 = 4*s - 4*m + 3*m. What are the prime factors of s?
127
Suppose -g - h + 23 = 0, 0 = 5*g - 0*h - 5*h - 85. Let r = 3 + g. List the prime factors of r.
23
Suppose 2*w = -5*q + 1690, 0 = -q + 5*q + 3*w - 1352. List the prime factors of q.
2, 13
List the prime factors of (54/(-4))/((66/(-152))/11).
2, 3, 19
Let f be (5/(-15))/((-2)/(-12)). Let z = -1 - f. Let c(g) = 13*g**3 - g**2 + g. List the prime factors of c(z).
13
Let q be (21/(-63))/((-1)/9). Suppose 3*c + q*u = 585, 1 = -2*u + 5. List the prime factors of c.
193
Let p be (-410)/(-4) + 18/12. Let c = 20 - p. What are the prime factors of (c/(-16))/(1/12)?
3, 7
Suppose 0 = -3*z + 20 + 61. Suppose 5*q + g = 46, -z = -3*q - 3*g - 9. Suppose f - 5*r = 4*f - 65, 5*r + q = 0. List the prime factors of f.
5
Let n = -1179 - -1846. What are the prime factors of n?
23, 29
Let k(v) = -60*v - 219. What are the prime factors of k(-19)?
3, 307
Suppose -a = u - 533, 3*u + 2*a - 596 = 998. List the prime factors of u.
2, 3, 11
Let j(m) = -59 + 28*m - 10*m + 59. Suppose -4*p = 3*r + 3 + 10, r = -4*p - 15. List the prime factors of j(r).
2, 3
Let p be -3 - -1 - 1/1. Let l = p - -3. Suppose l = w, -5*k - w = -6*w - 210. List the prime factors of k.
2, 3, 7
Let o(c) = 3*c**2 - 12*c - 23. Let k be -1 - 8/(-6) - 1540/(-132). What are the prime factors of o(k)?
5, 53
Let n(g) = -g**3 + 7*g**2 - 4*g - 8. Let h be n(6). Suppose -h*r + 41 = 3*i + 4, -2*r - 5*i = -1. List the prime factors of r.
13
Suppose 3*b = 2*b - 16. Suppose 3*f + 2*f = -r + 170, -30 = -f - r. Let p = b + f. What are the prime factors of p?
19
Let c(v) = v**3 + 46*v**2 + 255*v + 6. What are the prime factors of c(-36)?
2, 3, 631
Let g(u) = -13*u + 218. List the prime factors of g(15).
23
Let m = 991 + 96. List the prime factors of m.
1087
Suppose 5*r + 3*i = 2801, 3*i = -7*r + 3*r + 2239. What are the prime factors of r?
2, 281
Let p(g) = g + 3. Let l be p(-7). Let y(o) = -o**3 - 4*o**2 - o. Let i be y(l). Suppose i*u - 25 = 3*u. What are the prime factors of u?
5
Suppose 0 = -3*n + 5*z + 5381, 7*z - 11*z = -4*n + 7164. What are the prime factors of n?
1787
Let u(c) = c**3 + 7*c**2 + 4*c - 4. Let m(i) = 5*i + 5. Let f be m(-2). What are the prime factors of u(f)?
2, 13
Let m(y) = -y**3 - 11*y**2 - 11*y - 12. Let r be m(-10). Let o be (2 - (1 + r)) + -3. Let d = 13 - o. List the prime factors of d.
13
Let w = 50 - 47. Suppose -345 = -3*n - n - 5*f, 3*n - w*f - 225 = 0. List the prime factors of n.
2, 5
Let c = 2571 - 1653. List the prime factors of c.
2, 3, 17
Let f be (-7 - (0 - 3)) + 2. Let c be 14*f*48/(-28). Suppose -4*z + z + c = 0. List the prime factors of z.
2
Suppose a = c + 6*a - 29, 0 = -c - 2*a + 20. Let j = -14 + c. Suppose 0 = 5*g + k - 125, j*g + 3*g - 63 = -3*k. List the prime factors of g.
2, 13
Let w be 544/18 - (-2)/(-9). List the prime factors of w/7*(-1 + -3 + 11).
2, 3, 5
Let c(r) be the third derivative of -r**6/60 + 7*r**5/30 + 3*r**4/8 - 5*r**3/2 + 6*r**2. List the prime factors of c(7).
2, 3
What are the prime factors of (-4)/(-14)*(-147)/(-6) - -207?
2, 107
Let j(f) = -f**2 + 6*f + 4. Let b be j(3). Suppose -b*h = -4*h - 270. List the prime factors of h.
2, 3, 5
Let t(b) = -b + 119. What are the prime factors of t(7)?
2, 7
Suppose 8*g = -0*g + 184. Suppose 4*p - 7 + g = 0, -3*p = 4*c - 508. What are the prime factors of c?
2, 5, 13
Suppose -l - 4*l = 3*h + 33, l + 44 = -4*h. Let y = 33 - h. List the prime factors of y.
2, 11
Suppose 0 = 3*o - 5*d - 5165, 2*d - 2300 - 6360 = -5*o. List the prime factors of o.
2, 5, 173
Let y be 0*(-1 + 0) + 29. Let u = -23 + y. What are the prime factors of u?
2, 3
Let r be ((-66)/(-9) + 0)*3. Suppose -i = a - 6*i - r, 3*a - 26 = 5*i. What are the prime factors of (a/(-2))/((-3)/51)?
17
Let b(h) = 9*h + 1. Let n be b(6). Suppose -5*d - 5*y = n, y - 12 = d + 1. What are the prime factors of 2/(d/9)*-4?
2, 3
Suppose 0 = 3*a + 6, -4*a + 3 = 4*l - 1. Let b(j) = -5*j**2 - 8*j + 9. Let d(k) = 5*k**2 + 7*k - 8. Let p(x) = l*d(x) + 2*b(x). List the prime factors of p(3).
2, 3
List the prime factors of (-2301)/(-7) + (6 - (-120)/(-21)).
7, 47
Let v(z) = -z**3 - 8*z**2 + 2*z + 9. Suppose 2*g = f + f - 20, 4*g + 5*f = -13. Let t be v(g). Let u = t - -88. List the prime factors of u.
2, 17
Suppose 0 = -v + 7*v - 1788. Suppose 5*j + 0*j = 4*o + 748, -2*j + v = -o. List the prime factors of j.
2, 37
Let h = 515 + -319. Let w = -51 + h. List the prime factors of w.
5, 29
Let m(t) = -52*t - 501. What are the prime factors of m(-51)?
3, 239
Let f(y) = y**2 + 4*y - 13. Let n be (-18)/(-6) + (-26)/2. List the prime factors of f(n).
47
Let q(g) be the third derivative of 7*g**5/10 + g**4/24 + g**3/6 + g**2. List the prime factors of q(-1).
2, 3, 7
Let z(j) = -9*j + 26. Let c(r) = -2*r - 62. Let g be c(-27). List the prime factors of z(g).
2, 7
Let t = -842 - -2391. What are the prime factors of t?
1549
Suppose -3*y = -6*y - 9. Let i be ((-48)/15)/(y/60). Suppose 3*k - 52 = n, 4*k = -0*k + 4*n + i. What are the prime factors of k?
2, 3
Let x(v) = v**3 + 21*v**2 - 30*v + 98. List the prime factors of x(-22).
2, 137
Let t be 363/6 + 2/4. Let f = t - 89. Let c = 5 - f. List the prime factors of c.
3, 11
What are the prime factors of (-3280)/(-7) + (-4)/56*-6?
7, 67
Let p(z) = z**3 - 37*z**2 - 79*z - 65. What are the prime factors of p(41)?
2, 3, 5, 19
Suppose -3*q + 3*u - 2218 + 7396 = 0, -6910 = -4*q - 2*u. What are the prime factors of q?
11, 157
Let c(v) = v**3 - 5*v**2 + 5*v - 6. Let b(o) be the second derivative of -o**4/12 - o**3 - 6*o. Let p be b(-5). List the prime factors of c(p).
19
Suppose 0 = u - 0 - 2. Let l be 0*6*(-4)/(-24). Suppose l = u*a - 6 - 2. What are the prime factors of a?
2
Let r be 5/2 - ((-11)/2 - -6). Suppose 436 = r*t + 16. List the prime factors of t.
2, 3, 5, 7
Let j(w) = -2*w**3 + 12*w**2 + 53*w - 12. What are the prime factors of j(-8)?
2, 3, 113
Suppose -y + 2*l = -603, 6*y + 4*l = y + 2973. List the prime factors of y.
3, 199
Suppose -3*k + q = -1589, 2*q + 2650 = -2*k + 7*k. Suppose 5*w - 462 = 5*m + k, w - 218 = -4*m. List the prime factors of w.
2, 101
Let n be (-12)/(-18) - (-34)/3. List the prime factors of (1 - 18)/((-2)/n).
2, 3, 17
Let j be 248/(-4) - (-6)/3. Let i be j/(1 - (-14)/(-10)). What are the prime factors of (i/(-24))/(1/(-4))?
5
Let z be (-14)/(2 + (-9)/4). Let s = 25 - z. Let c = 61 + s. What are the prime factors of c?
2, 3, 5
Let c = -7 + 387. Suppose c = m + m. Suppose -8*p + 3*p = -m. List the prime factors of p.
2, 19
Suppose -4*c + 0*c = j - 382, -382 = -j + 5*c. What are the prime factors of j?
2, 191
Suppose -14969 - 7522 = -7*w. List the prime factors of w.
3, 7, 17
Let o be (186/(-10))/((-1)/(-5)). What are the prime factors of (-1 - o) + 5 - 2/(-2)?
2, 7
Suppose 3*s + 38*j = 35*j + 15219, -5*j - 20301 = -4*s. List the prime factors of s.
2, 43, 59
List the prime factors of (564/9)/((-2)/(-3)).
2, 47
Let g(v) = -v + 2. Let r(h) = -h + 2. Let u(s) = -3*g(s) + 2*r(s). Let d be u(13). Let j(x) = -x**3 + 11*x**2 + 3*x - 8. What are the prime factors of j(d)?
5
Let v be 4*(-3 - 28/(-8)). Let z be v*2/(-1 - 3). Let q = z + 12. List the prime factors of q.
11
What are the prime factors of 2/17 - (-6)/(1122/102641)?
3, 61
Suppose -3*w + 16 + 318 = y, 3*w = y + 344. What are the prime factors of w?
113
Let g = 823 - 408. What are the prime factors of g?
5, 83
Suppose 0 = 5*k + 25, -5*r - 3*k = -2*k - 180. Let d = r - 32. Suppose -172 = -5*q + 3*v, d*v = -q + 6*q - 170. What are the prime factors of q?
5, 7
Let n = -77 + 81. Suppose 0 = -4*m - n*b + 392, -2*m = -4*m + 5*b + 182. What are the prime factors of m?
2, 3
Let l(t) be the first derivative of t**4/4 + 7*t**3/3 - 3*t**2/2 - 5*t + 1. Let x = 74 - 80. List the prime factors of l(x).
7
Let d be ((-588)/16)/(2/8). Let r = d + 257. What are the prime factors of r?
2, 5, 11
What are the prime factors of 4/(-52) + (-8376)/(-52)?
7, 23
Suppose 0 = -4*p + 1486 - 122.